{"id":1686,"date":"2025-11-05T13:32:41","date_gmt":"2025-11-05T12:32:41","guid":{"rendered":"https:\/\/matematyka.ujk.edu.pl\/?page_id=1686"},"modified":"2025-11-05T14:11:57","modified_gmt":"2025-11-05T13:11:57","slug":"sciezka-nauczanie-matematyki-praktyki-ciagle-ii-stopien-2025-2026","status":"publish","type":"page","link":"https:\/\/matematyka.ujk.edu.pl\/index.php\/sciezka-nauczanie-matematyki-praktyki-ciagle-ii-stopien-2025-2026\/","title":{"rendered":"\u015acie\u017cka Nauczanie Matematyki Praktyki ci\u0105g\u0142e II stopie\u0144 2025-2026"},"content":{"rendered":"<p><a href=\"https:\/\/matematyka.ujk.edu.pl\/wp-content\/uploads\/2025\/11\/Regulamin_nauczanie_matematyki_2025-2026.docx\" target=\"_blank\" rel=\"noopener\">Regulamin nauczanie matematyki.docx<\/a><br \/>\n<a href=\"https:\/\/matematyka.ujk.edu.pl\/wp-content\/uploads\/2025\/11\/Instrukcja_praktyka_ciagla_II_st_PC.docx\" target=\"_blank\" rel=\"noopener\">Instrukcja praktyka ci\u0105g\u0142a II st (PC).docx<\/a><br \/>\n<a href=\"https:\/\/matematyka.ujk.edu.pl\/wp-content\/uploads\/2025\/11\/Program_praktyki_PC_IIst.docx\" target=\"_blank\" rel=\"noopener\">Program praktyki PC II st.docx<\/a><br \/>\n<a href=\"https:\/\/matematyka.ujk.edu.pl\/wp-content\/uploads\/2025\/11\/Zal_1_PC-Oswiadcz_stud_zapozn_z_dok.docx\" target=\"_blank\" rel=\"noopener\">Za\u0142 1 PC O\u015bwiadczenie studenta zapoznanie z dok&#8230;docx<\/a><br \/>\n<a href=\"https:\/\/matematyka.ujk.edu.pl\/wp-content\/uploads\/2025\/11\/Zal_2_PC-Oswiadcz_stud_ubezpieczenie.docx\">Za\u0142 2 PC O\u015bwiadczenie studenta ubezpieczenie.docx<\/a><br \/>\n<a href=\"https:\/\/matematyka.ujk.edu.pl\/wp-content\/uploads\/2025\/11\/Zal_3_PC-Zarzadzenie_nr_122-2025_Praktyki_zawodowe_dla_studentow_Zalacznik_nr_12.docx\" target=\"_blank\" rel=\"noopener\">Za\u0142 3 PC Zarz\u0105dzenie nr 122-2025 Praktyki zawodowe dla student\u00f3w Za\u0142&#8230;nr 12.docx<\/a><br \/>\n<a href=\"https:\/\/matematyka.ujk.edu.pl\/wp-content\/uploads\/2025\/11\/Zal_4_PC-Harmonogram_praktyki.docx\" target=\"_blank\" rel=\"noopener\">Za\u0142 4 PC Harmonogram praktyki.docx<\/a><br \/>\n<a href=\"https:\/\/matematyka.ujk.edu.pl\/wp-content\/uploads\/2025\/11\/Zal_5_PC-Zest_lekcji_prow_i_ocen.docx\" target=\"_blank\" rel=\"noopener\">Za\u0142 5 PC Zestawienie lekcji prow. i ocen.docx<\/a><br \/>\n<a href=\"https:\/\/matematyka.ujk.edu.pl\/wp-content\/uploads\/2025\/11\/Zal_6_PC-Zest_lekcji_hospitowanych.docx\" target=\"_blank\" rel=\"noopener\">Za\u0142 6 PC Zestawienie lekcji hospitowanych.docx<\/a><br \/>\n<a href=\"https:\/\/matematyka.ujk.edu.pl\/wp-content\/uploads\/2025\/11\/Zal_7_PC-Zest_czynnosci_dodatkowych.docx\" target=\"_blank\" rel=\"noopener\">Za\u0142 7 PC Zestawienie czynno\u015bci dodatkowych.docx<\/a><br \/>\n<a href=\"https:\/\/matematyka.ujk.edu.pl\/wp-content\/uploads\/2025\/11\/Zal_8_PC-Wzor_scenariusza_lekcji.docx\" target=\"_blank\" rel=\"noopener\">Za\u0142 8 PC Wz\u00f3r scenariusza lekcji.docx<\/a><br \/>\n<a href=\"https:\/\/matematyka.ujk.edu.pl\/wp-content\/uploads\/2025\/11\/Zal_9_PC-Wzor_arkusza_hospitacji.docx\" target=\"_blank\" rel=\"noopener\">Za\u0142 9 PC Wz\u00f3r arkusza hospitacji.docx<\/a><br \/>\n<a href=\"https:\/\/matematyka.ujk.edu.pl\/wp-content\/uploads\/2025\/11\/Zal_10_PC-Recenzja-dydaktyczna_wzor.docx\" target=\"_blank\" rel=\"noopener\">Za\u0142 10 PC Recenzja-dydaktyczna wz\u00f3r.docx<\/a><br \/>\n<a href=\"https:\/\/matematyka.ujk.edu.pl\/wp-content\/uploads\/2025\/11\/Zal_11_PC-Zarzadzenie_nr_122-2025_Praktyki_zawodowe_dla_studentow_Zalacznik_nr_8.docx\" target=\"_blank\" rel=\"noopener\">Za\u0142 11 PC Zarz\u0105dzenie nr 122-2025 Praktyki zawodowe dla student\u00f3w Za\u0142&#8230;nr 8.docx<\/a><br \/>\n<a href=\"https:\/\/matematyka.ujk.edu.pl\/wp-content\/uploads\/2025\/11\/Zal_12_PC-Zest_scenariuszy_lekcji_dod.docx\" target=\"_blank\" rel=\"noopener\">Za\u0142 12 PC Zestawienie scenariuszy lekcji dod&#8230;docx<\/a><br \/>\n<a href=\"https:\/\/matematyka.ujk.edu.pl\/wp-content\/uploads\/2025\/11\/Zal_13_PC-Oswiadczenie_opiekuna.docx\" target=\"_blank\" rel=\"noopener\">Za\u0142 13 PC O\u015bwiadczenie opiekuna.docx<\/a><br \/>\n<a href=\"https:\/\/matematyka.ujk.edu.pl\/wp-content\/uploads\/2025\/11\/Zal_14_PC-Fiszki_na_teczki.docx\" target=\"_blank\" rel=\"noopener\">Zal 14 PC Fiszki na teczki.docx<\/a><\/p>\n","protected":false},"excerpt":{"rendered":"<p>Regulamin nauczanie matematyki.docx Instrukcja praktyka ci\u0105g\u0142a II st (PC).docx Program praktyki PC II st.docx Za\u0142 1 PC O\u015bwiadczenie studenta zapoznanie z dok&#8230;docx Za\u0142 2 PC O\u015bwiadczenie studenta ubezpieczenie.docx Za\u0142 3 PC Zarz\u0105dzenie nr 122-2025 Praktyki zawodowe dla student\u00f3w Za\u0142&#8230;nr 12.docx Za\u0142 4 PC Harmonogram praktyki.docx Za\u0142 5 PC Zestawienie lekcji prow. i ocen.docx Za\u0142 6 [&hellip;]<\/p>\n","protected":false},"author":1,"featured_media":0,"parent":0,"menu_order":0,"comment_status":"closed","ping_status":"closed","template":"","meta":{"footnotes":""},"class_list":["post-1686","page","type-page","status-publish","hentry"],"_links":{"self":[{"href":"https:\/\/matematyka.ujk.edu.pl\/index.php\/wp-json\/wp\/v2\/pages\/1686","targetHints":{"allow":["GET"]}}],"collection":[{"href":"https:\/\/matematyka.ujk.edu.pl\/index.php\/wp-json\/wp\/v2\/pages"}],"about":[{"href":"https:\/\/matematyka.ujk.edu.pl\/index.php\/wp-json\/wp\/v2\/types\/page"}],"author":[{"embeddable":true,"href":"https:\/\/matematyka.ujk.edu.pl\/index.php\/wp-json\/wp\/v2\/users\/1"}],"replies":[{"embeddable":true,"href":"https:\/\/matematyka.ujk.edu.pl\/index.php\/wp-json\/wp\/v2\/comments?post=1686"}],"version-history":[{"count":22,"href":"https:\/\/matematyka.ujk.edu.pl\/index.php\/wp-json\/wp\/v2\/pages\/1686\/revisions"}],"predecessor-version":[{"id":1727,"href":"https:\/\/matematyka.ujk.edu.pl\/index.php\/wp-json\/wp\/v2\/pages\/1686\/revisions\/1727"}],"wp:attachment":[{"href":"https:\/\/matematyka.ujk.edu.pl\/index.php\/wp-json\/wp\/v2\/media?parent=1686"}],"curies":[{"name":"wp","href":"https:\/\/api.w.org\/{rel}","templated":true}]}}