{"id":208,"date":"2024-12-04T12:28:37","date_gmt":"2024-12-04T11:28:37","guid":{"rendered":"https:\/\/matematyka.ujk.edu.pl\/new\/?page_id=208"},"modified":"2026-01-15T10:46:23","modified_gmt":"2026-01-15T09:46:23","slug":"sprawozdania-kzdsjk","status":"publish","type":"page","link":"https:\/\/matematyka.ujk.edu.pl\/index.php\/sprawozdania-kzdsjk\/","title":{"rendered":"Harmonogramy i sprawozdania KZJK"},"content":{"rendered":"\r\n<p><a href=\"https:\/\/matematyka.ujk.edu.pl\/wp-content\/uploads\/2026\/01\/harmonogram-prac-kierunkowego-zespolu-ds-jakosci-ksztalcenia-KZJK-dla-kierunku-matematyka-25_26.pdf\" target=\"_blank\" rel=\"noopener\">HARMONOGRAM DZIA\u0141A\u0143 KIERUNKOWEGO ZESPO\u0141U DS. JAKO\u015aCI KSZTA\u0141CENIA NA KIERUNKU MATEMATYKA W ROKU AKADEMICKIM 2025\/2026<\/a><br \/><br \/><a href=\"https:\/\/matematyka.ujk.edu.pl\/wp-content\/uploads\/2026\/01\/sprawozdanie-z-dzialalnosci-kierunkowego-zespolu-ds-jakosci-ksztalcenia-dla-kierunku-matematyka-w-roku-akad-24_25-.pdf\" target=\"_blank\" rel=\"noopener\">SPRAWOZDANIE Z DZIA\u0141ALNO\u015aCI KIERUNKOWEGO ZESPO\u0141U DS. JAKO\u015aCI KSZTA\u0141CENIA (KZJK) W ROKU AKADEMICKIM 2024\/2025<\/a><br \/><span style=\"color: black; font-size: 23;\"><br \/><br \/>Archiwalne:<br \/><\/span><a href=\"https:\/\/matematyka.ujk.edu.pl\/wp-content\/uploads\/2025\/03\/sprawozdanie2023_2024.pdf\" target=\"_blank\" rel=\"noopener\">SPRAWOZDANIE Z DZIA\u0141ALNO\u015aCI KIERUNKOWEGO ZESPO\u0141U DS. JAKO\u015aCI KSZTA\u0141CENIA (KZJK) W ROKU AKADEMICKIM 2023\/2024 (pobierz)<\/a><br \/><br \/><a href=\"https:\/\/matematyka.ujk.edu.pl\/wp-content\/uploads\/2025\/03\/harmonogram_KZJK_24_25_kierunek_matematyka.pdf\" target=\"_blank\" rel=\"noopener\">Harmonogram prac KZJK 2024\/2025<\/a><br \/><br \/><a href=\"https:\/\/matematyka.ujk.edu.pl\/wp-content\/uploads\/2024\/08\/Harmonogram_prac_KZJK_2023_2024.pdf\" target=\"_blank\" rel=\"noreferrer noopener\">HARMONOGRAM DZIA\u0141A\u0143 KIERUNKOWEGO ZESPO\u0141U DS. JAKO\u015aCI KSZTA\u0141CENIA NA KIERUNKU MATEMATYKA W ROKU AKADEMICKIM 2023\/2024 (pobierz)<\/a><\/p>\r\n<p><a role=\"link\" href=\"https:\/\/matematyka.ujk.edu.pl\/wp-content\/uploads\/2024\/08\/Sprawozdanie_KZJK_matematyka_2022_2023.pdf\" target=\"_blank\" rel=\"noreferrer noopener\">SPRAWOZDANIE Z DZIA\u0141ALNO\u015aCI KIERUNKOWEGO ZESPO\u0141U DS. JAKO\u015aCI KSZTA\u0141CENIA (KZJK) W ROKU AKADEMICKIM 2022\/2023 (pobierz)<\/a><br \/><br \/><a href=\"https:\/\/matematyka.ujk.edu.pl\/wp-content\/uploads\/2024\/12\/KZJK-Matematyka-2022_23-Harmonogram-prac.pdf\" target=\"_blank\" rel=\"noreferrer noopener\">HARMONOGRAM DZIA\u0141A\u0143 KIERUNKOWEGO ZESPO\u0141U DS. JAKO\u015aCI KSZTA\u0141CENIA NA KIERUNKU MATEMATYKA W ROKU AKADEMICKIM 2022\/2023 (pobierz)<\/a><\/p>\r\n\r\n\r\n\r\n<p><a href=\"https:\/\/matematyka.ujk.edu.pl\/wp-content\/uploads\/2024\/12\/Sprawozdanie_KZJK_matematyka_2021_22_v_EZ_2022_09_21.pdf\" target=\"_blank\" rel=\"noreferrer noopener\">SPRAWOZDANIE Z DZIA\u0141ALNO\u015aCI KIERUNKOWEGO ZESPO\u0141U DS. JAKO\u015aCI KSZTA\u0141CENIA (KZJK) W ROKU AKADEMICKIM 2021\/2022 (pobierz)<\/a><\/p>\r\n\r\n\r\n\r\n<p>&nbsp;<\/p>\r\n","protected":false},"excerpt":{"rendered":"<p>HARMONOGRAM DZIA\u0141A\u0143 KIERUNKOWEGO ZESPO\u0141U DS. JAKO\u015aCI KSZTA\u0141CENIA NA KIERUNKU MATEMATYKA W ROKU AKADEMICKIM 2025\/2026 SPRAWOZDANIE Z DZIA\u0141ALNO\u015aCI KIERUNKOWEGO ZESPO\u0141U DS. JAKO\u015aCI KSZTA\u0141CENIA (KZJK) W ROKU AKADEMICKIM 2024\/2025 Archiwalne:SPRAWOZDANIE Z DZIA\u0141ALNO\u015aCI KIERUNKOWEGO ZESPO\u0141U DS. JAKO\u015aCI KSZTA\u0141CENIA (KZJK) W ROKU AKADEMICKIM 2023\/2024 (pobierz) Harmonogram prac KZJK 2024\/2025 HARMONOGRAM DZIA\u0141A\u0143 KIERUNKOWEGO ZESPO\u0141U DS. JAKO\u015aCI KSZTA\u0141CENIA NA KIERUNKU MATEMATYKA [&hellip;]<\/p>\n","protected":false},"author":1,"featured_media":0,"parent":0,"menu_order":0,"comment_status":"closed","ping_status":"closed","template":"","meta":{"footnotes":""},"class_list":["post-208","page","type-page","status-publish","hentry"],"_links":{"self":[{"href":"https:\/\/matematyka.ujk.edu.pl\/index.php\/wp-json\/wp\/v2\/pages\/208","targetHints":{"allow":["GET"]}}],"collection":[{"href":"https:\/\/matematyka.ujk.edu.pl\/index.php\/wp-json\/wp\/v2\/pages"}],"about":[{"href":"https:\/\/matematyka.ujk.edu.pl\/index.php\/wp-json\/wp\/v2\/types\/page"}],"author":[{"embeddable":true,"href":"https:\/\/matematyka.ujk.edu.pl\/index.php\/wp-json\/wp\/v2\/users\/1"}],"replies":[{"embeddable":true,"href":"https:\/\/matematyka.ujk.edu.pl\/index.php\/wp-json\/wp\/v2\/comments?post=208"}],"version-history":[{"count":30,"href":"https:\/\/matematyka.ujk.edu.pl\/index.php\/wp-json\/wp\/v2\/pages\/208\/revisions"}],"predecessor-version":[{"id":1890,"href":"https:\/\/matematyka.ujk.edu.pl\/index.php\/wp-json\/wp\/v2\/pages\/208\/revisions\/1890"}],"wp:attachment":[{"href":"https:\/\/matematyka.ujk.edu.pl\/index.php\/wp-json\/wp\/v2\/media?parent=208"}],"curies":[{"name":"wp","href":"https:\/\/api.w.org\/{rel}","templated":true}]}}