{"id":777,"date":"2024-12-11T12:22:03","date_gmt":"2024-12-11T11:22:03","guid":{"rendered":"https:\/\/matematyka.ujk.edu.pl\/new\/?page_id=777"},"modified":"2025-01-28T14:08:23","modified_gmt":"2025-01-28T13:08:23","slug":"swieto-liczby-pi-2019","status":"publish","type":"page","link":"https:\/\/matematyka.ujk.edu.pl\/index.php\/swieto-liczby-pi-2019\/","title":{"rendered":"\u015awi\u0119to Liczby Pi 2019"},"content":{"rendered":"<table class=\" alignleft\">\n<tbody>\n<tr>\n<td><a href=\"https:\/\/matematyka.ujk.edu.pl\/wp-content\/uploads\/2025\/01\/PanPi2019-189x300.png\"><img loading=\"lazy\" decoding=\"async\" class=\"alignnone wp-image-1035\" title=\"\u015awi\u0119ta Liczby pi\" src=\"https:\/\/matematyka.ujk.edu.pl\/wp-content\/uploads\/2025\/01\/PanPi2019-189x300.png\" alt=\"\u015awi\u0119ta Liczby pi\" width=\"850\" height=\"1352\" \/><\/a><\/td>\n<td><strong><br \/>\nInstytut Matematyki\u00a0<\/strong>Uniwersytetu Jana Kochanowskieg oraz\u00a0<strong>Studenckie Ko\u0142o Naukowe<\/strong> \u201eRozmaito\u015bci\u201d maj\u0105 zaszczyt zaprosi\u0107 uczni\u00f3w lice\u00f3w i technik\u00f3w, nauczycieli oraz wszystkich zainteresowanych na 11. obchody<b class=\"Apple-style-span\">\u015awi\u0119ta Liczby \u03c0<\/b>kt\u00f3re odb\u0119d\u0105 si\u0119 w formule dw\u00f3ch spotka\u0144\u00a0<strong>15 i 29 marca 2019<\/strong>\u00a0roku.Obchody w obu dniach rozpoczn\u0105 si\u0119 o godzinie 10:00 w auli B1 budynku G Wydzia\u0142u Matematyczno-Przyrodniczego Uniwersytetu Jana Kochanowskiego w Kielcach przy ul. \u015awi\u0119tokrzyskiej 15.Na oba dni zaplanowane s\u0105 \u0142\u0105cznie cztery r\u00f3\u017cne wyk\u0142ady (po dwa wyk\u0142ady na ka\u017cdy dzie\u0144) \u2013 w tym wyk\u0142ady promotor\u00f3w laureat\u00f3w Olimpiady Matematycznej:<\/p>\n<ul>\n<li>wielkiego popularyzatora matematyki dr hab. Micha\u0142a Wojciechowskiego z Instytutu Matematycznego Polskiej Akademii Nauk (15 marca 2019)<\/li>\n<li>oraz wyk\u0142ad znakomitego nauczyciela \u2013 promotora laureat\u00f3w Olimpiady Matematycznej \u2013 pana Paw\u0142a Dziuby (29 marca 2019).<\/li>\n<\/ul>\n<p>Zach\u0119camy do wzi\u0119cia udzia\u0142u w konkursie \u201eFilmowa liczba\u00a0<em>\u03c0<\/em>\u201d. Regulamin konkursu i formularz zg\u0142oszeniowy znajduj\u0105 si\u0119 poni\u017cej.<\/p>\n<p>Zapraszamy!<\/td>\n<\/tr>\n<\/tbody>\n<\/table>\n<p><a href=\"https:\/\/matematyka.ujk.edu.pl\/wp-content\/uploads\/2024\/07\/Pi_na_strone_03.pdf\" target=\"_blank\" rel=\"noopener\"><strong>Program obchod\u00f3w zamieszczony tutaj.<\/strong>\u00a0<\/a><\/p>\n<p>konkurs \u201e<strong>Filmowa liczba\u00a0<em>\u03c0<\/em><\/strong>\u201d<\/p>\n<p><a href=\"https:\/\/matematyka.ujk.edu.pl\/wp-content\/uploads\/2024\/07\/regulamin-filmowe-Pi.pdf\" target=\"_blank\" rel=\"noopener\"><strong>regulamin<\/strong><\/a><\/p>\n<p><a href=\"https:\/\/matematyka.ujk.edu.pl\/wp-content\/uploads\/2024\/07\/formularz-filmowe-Pi.pdf\" target=\"_blank\" rel=\"noopener\"><strong>formularz zg\u0142oszeniowy<\/strong><\/a><\/p>\n<p>Prace nale\u017cy przes\u0142a\u0107, b\u0105d\u017a dostarczy\u0107 osobi\u015bcie na adres:<\/p>\n<p>Sekretariat Instytutu Matematyki<br \/>\nUniwersytet Jana Kochanowskiego<br \/>\n\u015awi\u0119tokrzyska 15, 25-406 Kielce<\/p>\n","protected":false},"excerpt":{"rendered":"<p>Instytut Matematyki\u00a0Uniwersytetu Jana Kochanowskieg oraz\u00a0Studenckie Ko\u0142o Naukowe \u201eRozmaito\u015bci\u201d maj\u0105 zaszczyt zaprosi\u0107 uczni\u00f3w lice\u00f3w i technik\u00f3w, nauczycieli oraz wszystkich zainteresowanych na 11. obchody\u015awi\u0119ta Liczby \u03c0kt\u00f3re odb\u0119d\u0105 si\u0119 w formule dw\u00f3ch spotka\u0144\u00a015 i 29 marca 2019\u00a0roku.Obchody w obu dniach rozpoczn\u0105 si\u0119 o godzinie 10:00 w auli B1 budynku G Wydzia\u0142u Matematyczno-Przyrodniczego Uniwersytetu Jana Kochanowskiego w Kielcach przy [&hellip;]<\/p>\n","protected":false},"author":1,"featured_media":0,"parent":0,"menu_order":0,"comment_status":"closed","ping_status":"closed","template":"","meta":{"footnotes":""},"class_list":["post-777","page","type-page","status-publish","hentry"],"_links":{"self":[{"href":"https:\/\/matematyka.ujk.edu.pl\/index.php\/wp-json\/wp\/v2\/pages\/777","targetHints":{"allow":["GET"]}}],"collection":[{"href":"https:\/\/matematyka.ujk.edu.pl\/index.php\/wp-json\/wp\/v2\/pages"}],"about":[{"href":"https:\/\/matematyka.ujk.edu.pl\/index.php\/wp-json\/wp\/v2\/types\/page"}],"author":[{"embeddable":true,"href":"https:\/\/matematyka.ujk.edu.pl\/index.php\/wp-json\/wp\/v2\/users\/1"}],"replies":[{"embeddable":true,"href":"https:\/\/matematyka.ujk.edu.pl\/index.php\/wp-json\/wp\/v2\/comments?post=777"}],"version-history":[{"count":12,"href":"https:\/\/matematyka.ujk.edu.pl\/index.php\/wp-json\/wp\/v2\/pages\/777\/revisions"}],"predecessor-version":[{"id":915,"href":"https:\/\/matematyka.ujk.edu.pl\/index.php\/wp-json\/wp\/v2\/pages\/777\/revisions\/915"}],"wp:attachment":[{"href":"https:\/\/matematyka.ujk.edu.pl\/index.php\/wp-json\/wp\/v2\/media?parent=777"}],"curies":[{"name":"wp","href":"https:\/\/api.w.org\/{rel}","templated":true}]}}

Święto Liczby Pi 2019

<table class=" alignleft">
<tbody>
<tr>
<td><a href="https://matematyka.ujk.edu.pl/wp-content/uploads/2025/01/PanPi2019-189x300.png"><img loading="lazy" decoding="async" class="alignnone wp-image-1035" title="Święta Liczby pi" src="https://matematyka.ujk.edu.pl/wp-content/uploads/2025/01/PanPi2019-189x300.png" alt="Święta Liczby pi" width="850" height="1352" /></a></td>
<td><strong><br />
Instytut Matematyki </strong>Uniwersytetu Jana Kochanowskieg oraz <strong>Studenckie Koło Naukowe</strong> „Rozmaitości” mają zaszczyt zaprosić uczniów liceów i techników, nauczycieli oraz wszystkich zainteresowanych na 11. obchody<b class="Apple-style-span">Święta Liczby π</b>które odbędą się w formule dwóch spotkań <strong>15 i 29 marca 2019</strong> roku.Obchody w obu dniach rozpoczną się o godzinie 10:00 w auli B1 budynku G Wydziału Matematyczno-Przyrodniczego Uniwersytetu Jana Kochanowskiego w Kielcach przy ul. Świętokrzyskiej 15.Na oba dni zaplanowane są łącznie cztery różne wykłady (po dwa wykłady na każdy dzień) – w tym wykłady promotorów laureatów Olimpiady Matematycznej:</p>
<ul>
<li>wielkiego popularyzatora matematyki dr hab. Michała Wojciechowskiego z Instytutu Matematycznego Polskiej Akademii Nauk (15 marca 2019)</li>
<li>oraz wykład znakomitego nauczyciela – promotora laureatów Olimpiady Matematycznej – pana Pawła Dziuby (29 marca 2019).</li>
</ul>
<p>Zachęcamy do wzięcia udziału w konkursie „Filmowa liczba <em>π</em>”. Regulamin konkursu i formularz zgłoszeniowy znajdują się poniżej.</p>
<p>Zapraszamy!</td>
</tr>
</tbody>
</table>
<p><a href="https://matematyka.ujk.edu.pl/wp-content/uploads/2024/07/Pi_na_strone_03.pdf" target="_blank" rel="noopener"><strong>Program obchodów zamieszczony tutaj.</strong> </a></p>
<p>konkurs „<strong>Filmowa liczba <em>π</em></strong>”</p>
<p><a href="https://matematyka.ujk.edu.pl/wp-content/uploads/2024/07/regulamin-filmowe-Pi.pdf" target="_blank" rel="noopener"><strong>regulamin</strong></a></p>
<p><a href="https://matematyka.ujk.edu.pl/wp-content/uploads/2024/07/formularz-filmowe-Pi.pdf" target="_blank" rel="noopener"><strong>formularz zgłoszeniowy</strong></a></p>
<p>Prace należy przesłać, bądź dostarczyć osobiście na adres:</p>
<p>Sekretariat Instytutu Matematyki<br />
Uniwersytet Jana Kochanowskiego<br />
Świętokrzyska 15, 25-406 Kielce</p>

<p>Instytut Matematyki Uniwersytetu Jana Kochanowskieg oraz Studenckie Koło Naukowe „Rozmaitości” mają zaszczyt zaprosić uczniów liceów i techników, nauczycieli oraz wszystkich zainteresowanych na 11. obchodyŚwięta Liczby πktóre odbędą się w formule dwóch spotkań 15 i 29 marca 2019 roku.Obchody w obu dniach rozpoczną się o godzinie 10:00 w auli B1 budynku G Wydziału Matematyczno-Przyrodniczego Uniwersytetu Jana Kochanowskiego w Kielcach przy [&hellip;]</p>
