{"id":837,"date":"2024-12-11T13:23:21","date_gmt":"2024-12-11T12:23:21","guid":{"rendered":"https:\/\/matematyka.ujk.edu.pl\/new\/?page_id=837"},"modified":"2025-01-28T14:33:00","modified_gmt":"2025-01-28T13:33:00","slug":"swieto-liczby-pi-2013","status":"publish","type":"page","link":"https:\/\/matematyka.ujk.edu.pl\/index.php\/swieto-liczby-pi-2013\/","title":{"rendered":"\u015awi\u0119to Liczby Pi 2013"},"content":{"rendered":"<p><b>15 marca 2013<\/b>\u00a0roku w auli budynku G Wydzia\u0142u Matematyczno-Przyrodniczego Uniwersytetu Jana Kochanowskiego w Kielcach, przy ul. \u015awi\u0119tokrzyskiej 15, odby\u0142y si\u0119 obchody<\/p>\n<p><b><span class=\"Apple-style-span\">\u015awi\u0119ta liczby \u03c0<\/span><\/b><\/p>\n<p>zorganizowane przez\u00a0<b>Instytut Matematyki<\/b>\u00a0Uniwersytetu Jana Kochanowskiego oraz\u00a0<b>Studenckie Ko\u0142o Naukowe<\/b>\u00a0\u201eRozmaito\u015bci\u201d.<\/p>\n<table style=\"height: 371px;\" border=\"0\" width=\"853\">\n<tbody>\n<tr>\n<td><a href=\"https:\/\/matematyka.ujk.edu.pl\/imat\/swieto_pi\/2013\/PanPi2013.png\"><img loading=\"lazy\" decoding=\"async\" class=\"alignnone\" title=\"Pan Pi 2013\" src=\"https:\/\/matematyka.ujk.edu.pl\/imat\/swieto_pi\/2013\/PanPi2013.png\" alt=\"Pan Pi 2013 -Logotyp \u015awi\u0119ta liczby Pi 2013\" width=\"200\" height=\"321\" \/><\/a><\/td>\n<td><b>program obchod\u00f3w<\/b><\/p>\n<p>godz. 10:00 otwarcie obchod\u00f3w i powitanie uczestnik\u00f3w<br \/>\ngodz. 10:20 wyk\u0142ad popularnonaukowy dr Zdzis\u0142awa Pogody<br \/>\n(Instytut Matematyki Uniwersytetu Jagiello\u0144skiego)<br \/>\npt. \u201e\u015awiat dziwnych liczb\u201d<br \/>\ngodz. 11:20 konkurs dla uczestnik\u00f3w<br \/>\ngodz. 12:00 przerwa<br \/>\ngodz. 12:15 referat cz\u0142onk\u00f3w SKN \u201eRozmaito\u015bci\u201d<br \/>\n(Instytut Matematyki Uniwersytetu Jana Kochanowskiego)<br \/>\npt. \u201eZnamienite liczby\u201d<br \/>\ngodz. 13:15 rozstrzygni\u0119cie konkursu \u201eTajemnicze ?\u201d, wr\u0119czenie nagr\u00f3d<br \/>\ngodz. 13:30 rozstrzygni\u0119cie konkursu \u201eLogo \u015awi\u0119ta Liczby ?\u201d, wr\u0119czenie nagr\u00f3d<br \/>\ngodz. 13:45 zako\u0144czenie obchod\u00f3w<\/td>\n<\/tr>\n<\/tbody>\n<\/table>\n<hr \/>\n<p>Wyniki konkursu\u00a0<b>\u201eTajemnicze \u03c0\u201d<\/b><br \/>\nNa konkurs wp\u0142yn\u0119\u0142o 25 prac.<br \/>\nWszystkie prace zosta\u0142y dopuszczone do post\u0119powania konkursowego.<br \/>\n<b>I miejsce<\/b><br \/>\nMaria Grucha\u0142a i Sylwia Surma\u0144ska \u2013 Zesp\u00f3\u0142 Szk\u00f3\u0142 Ponadgimnazjalnych im. Miko\u0142aja Kopernika w Busku Zdroju<br \/>\n<b>II miejsce<\/b><br \/>\nAgata So\u0142tys \u2013 Zesp\u00f3\u0142 Szk\u00f3\u0142 Ekonomicznych im. Oskara Langego w Kielcach<br \/>\n<b>III miejsce<\/b><br \/>\nPaulina Skwark \u2013 Liceum Og\u00f3lnokszta\u0142c\u0105ce im. Adolfa Dygasi\u0144skiego w Chmielniku<\/p>\n<p>Wyniki konkursu\u00a0<b>\u201eLogo \u015awi\u0119ta Liczby \u03c0\u201d<\/b><br \/>\nNa konkurs wp\u0142yn\u0119\u0142o 37 prac.<br \/>\nWszystkie prace zosta\u0142y dopuszczone do post\u0119powania konkursowego.<br \/>\n<b>I miejsce<\/b><br \/>\nDawid Rybacki i Piotr Matysek \u2013 Niepubliczne Technikum Zawodowe \u201eAwans\u201d w Kielcach<br \/>\n<b>II miejsce<\/b><br \/>\nKlaudia Ciepluch \u2013 Liceum Og\u00f3lnokszta\u0142c\u0105ce im. Adolfa Dygasi\u0144skiego w Chmielniku<br \/>\n<b>III miejsce<\/b><br \/>\nKlaudia Soba\u0144ska \u2013 Zesp\u00f3\u0142 Szk\u00f3\u0142 Ponadgimnazjalnych im. Miko\u0142aja Kopernika w Busku Zdroju<br \/>\n<b>Nagroda specjalna SKN \u201eRozmaito\u015bci\u201d<\/b><br \/>\nEmilia Furman \u2013 Zesp\u00f3\u0142 Szk\u00f3\u0142 Ponadgimnazjalnych im. Miko\u0142aja Kopernika w Busku Zdroju<\/p>\n<p><b>Gratulujemy zwyci\u0119zcom!<\/b><\/p>\n<p>&nbsp;<\/p>\n<hr \/>\n<table width=\"100%\">\n<tbody>\n<tr>\n<td colspan=\"3\"><b>Patron honorowy<\/b><\/td>\n<\/tr>\n<tr>\n<td colspan=\"3\"><b>PREZYDENT MIASTA KIELCE<\/b><\/td>\n<\/tr>\n<tr>\n<td colspan=\"3\"><b>Sponsorzy instytucjonalni<\/b><\/td>\n<\/tr>\n<tr>\n<td><a href=\"https:\/\/matematyka.ujk.edu.pl\/imat\/swieto_pi\/2013\/herb_swietokrzyskiego.png\"><img loading=\"lazy\" decoding=\"async\" class=\"alignnone\" title=\"URZ\u0104D WOJEW\u00d3DZKI\/MARSZA\u0141KOWSKI symbol\" src=\"https:\/\/matematyka.ujk.edu.pl\/imat\/swieto_pi\/2013\/herb_swietokrzyskiego.png\" alt=\"URZ\u0104D WOJEW\u00d3DZKI\/MARSZA\u0141KOWSKI symbol\" width=\"123\" height=\"150\" \/><\/a><\/td>\n<td><a href=\"http:\/\/www.kielce.uw.gov.pl\/\" target=\"blank\" rel=\"noopener\">\u015aWI\u0118TOKRZYSKI URZ\u0104D WOJEW\u00d3DZKI W KIELCACH<\/a><\/p>\n<p><a>URZ\u0104D MARSZA\u0141KOWSKI WOJEW\u00d3DZTWA \u015aWI\u0118TOKRZYSKIEGO<\/a><\/p>\n<p><a>URZ\u0104D MIASTA KIELCE<\/a><\/td>\n<td><\/td>\n<\/tr>\n<\/tbody>\n<\/table>\n<p>&nbsp;<\/p>\n","protected":false},"excerpt":{"rendered":"<p>15 marca 2013\u00a0roku w auli budynku G Wydzia\u0142u Matematyczno-Przyrodniczego Uniwersytetu Jana Kochanowskiego w Kielcach, przy ul. \u015awi\u0119tokrzyskiej 15, odby\u0142y si\u0119 obchody \u015awi\u0119ta liczby \u03c0 zorganizowane przez\u00a0Instytut Matematyki\u00a0Uniwersytetu Jana Kochanowskiego oraz\u00a0Studenckie Ko\u0142o Naukowe\u00a0\u201eRozmaito\u015bci\u201d. program obchod\u00f3w godz. 10:00 otwarcie obchod\u00f3w i powitanie uczestnik\u00f3w godz. 10:20 wyk\u0142ad popularnonaukowy dr Zdzis\u0142awa Pogody (Instytut Matematyki Uniwersytetu Jagiello\u0144skiego) pt. \u201e\u015awiat dziwnych [&hellip;]<\/p>\n","protected":false},"author":1,"featured_media":0,"parent":0,"menu_order":0,"comment_status":"closed","ping_status":"closed","template":"","meta":{"footnotes":""},"class_list":["post-837","page","type-page","status-publish","hentry"],"_links":{"self":[{"href":"https:\/\/matematyka.ujk.edu.pl\/index.php\/wp-json\/wp\/v2\/pages\/837","targetHints":{"allow":["GET"]}}],"collection":[{"href":"https:\/\/matematyka.ujk.edu.pl\/index.php\/wp-json\/wp\/v2\/pages"}],"about":[{"href":"https:\/\/matematyka.ujk.edu.pl\/index.php\/wp-json\/wp\/v2\/types\/page"}],"author":[{"embeddable":true,"href":"https:\/\/matematyka.ujk.edu.pl\/index.php\/wp-json\/wp\/v2\/users\/1"}],"replies":[{"embeddable":true,"href":"https:\/\/matematyka.ujk.edu.pl\/index.php\/wp-json\/wp\/v2\/comments?post=837"}],"version-history":[{"count":7,"href":"https:\/\/matematyka.ujk.edu.pl\/index.php\/wp-json\/wp\/v2\/pages\/837\/revisions"}],"predecessor-version":[{"id":932,"href":"https:\/\/matematyka.ujk.edu.pl\/index.php\/wp-json\/wp\/v2\/pages\/837\/revisions\/932"}],"wp:attachment":[{"href":"https:\/\/matematyka.ujk.edu.pl\/index.php\/wp-json\/wp\/v2\/media?parent=837"}],"curies":[{"name":"wp","href":"https:\/\/api.w.org\/{rel}","templated":true}]}}

Święto Liczby Pi 2013

<p><b>15 marca 2013</b> roku w auli budynku G Wydziału Matematyczno-Przyrodniczego Uniwersytetu Jana Kochanowskiego w Kielcach, przy ul. Świętokrzyskiej 15, odbyły się obchody</p>
<p><b><span class="Apple-style-span">Święta liczby π</span></b></p>
<p>zorganizowane przez <b>Instytut Matematyki</b> Uniwersytetu Jana Kochanowskiego oraz <b>Studenckie Koło Naukowe</b> „Rozmaitości”.</p>
<table style="height: 371px;" border="0" width="853">
<tbody>
<tr>
<td><a href="https://matematyka.ujk.edu.pl/imat/swieto_pi/2013/PanPi2013.png"><img loading="lazy" decoding="async" class="alignnone" title="Pan Pi 2013" src="https://matematyka.ujk.edu.pl/imat/swieto_pi/2013/PanPi2013.png" alt="Pan Pi 2013 -Logotyp Święta liczby Pi 2013" width="200" height="321" /></a></td>
<td><b>program obchodów</b></p>
<p>godz. 10:00 otwarcie obchodów i powitanie uczestników<br />
godz. 10:20 wykład popularnonaukowy dr Zdzisława Pogody<br />
(Instytut Matematyki Uniwersytetu Jagiellońskiego)<br />
pt. „Świat dziwnych liczb”<br />
godz. 11:20 konkurs dla uczestników<br />
godz. 12:00 przerwa<br />
godz. 12:15 referat członków SKN „Rozmaitości”<br />
(Instytut Matematyki Uniwersytetu Jana Kochanowskiego)<br />
pt. „Znamienite liczby”<br />
godz. 13:15 rozstrzygnięcie konkursu „Tajemnicze ?”, wręczenie nagród<br />
godz. 13:30 rozstrzygnięcie konkursu „Logo Święta Liczby ?”, wręczenie nagród<br />
godz. 13:45 zakończenie obchodów</td>
</tr>
</tbody>
</table>
<hr />
<p>Wyniki konkursu <b>„Tajemnicze π”</b><br />
Na konkurs wpłynęło 25 prac.<br />
Wszystkie prace zostały dopuszczone do postępowania konkursowego.<br />
<b>I miejsce</b><br />
Maria Gruchała i Sylwia Surmańska – Zespół Szkół Ponadgimnazjalnych im. Mikołaja Kopernika w Busku Zdroju<br />
<b>II miejsce</b><br />
Agata Sołtys – Zespół Szkół Ekonomicznych im. Oskara Langego w Kielcach<br />
<b>III miejsce</b><br />
Paulina Skwark – Liceum Ogólnokształcące im. Adolfa Dygasińskiego w Chmielniku</p>
<p>Wyniki konkursu <b>„Logo Święta Liczby π”</b><br />
Na konkurs wpłynęło 37 prac.<br />
Wszystkie prace zostały dopuszczone do postępowania konkursowego.<br />
<b>I miejsce</b><br />
Dawid Rybacki i Piotr Matysek – Niepubliczne Technikum Zawodowe „Awans” w Kielcach<br />
<b>II miejsce</b><br />
Klaudia Ciepluch – Liceum Ogólnokształcące im. Adolfa Dygasińskiego w Chmielniku<br />
<b>III miejsce</b><br />
Klaudia Sobańska – Zespół Szkół Ponadgimnazjalnych im. Mikołaja Kopernika w Busku Zdroju<br />
<b>Nagroda specjalna SKN „Rozmaitości”</b><br />
Emilia Furman – Zespół Szkół Ponadgimnazjalnych im. Mikołaja Kopernika w Busku Zdroju</p>
<p><b>Gratulujemy zwycięzcom!</b></p>
<p>&nbsp;</p>
<hr />
<table width="100%">
<tbody>
<tr>
<td colspan="3"><b>Patron honorowy</b></td>
</tr>
<tr>
<td colspan="3"><b>PREZYDENT MIASTA KIELCE</b></td>
</tr>
<tr>
<td colspan="3"><b>Sponsorzy instytucjonalni</b></td>
</tr>
<tr>
<td><a href="https://matematyka.ujk.edu.pl/imat/swieto_pi/2013/herb_swietokrzyskiego.png"><img loading="lazy" decoding="async" class="alignnone" title="URZĄD WOJEWÓDZKI/MARSZAŁKOWSKI symbol" src="https://matematyka.ujk.edu.pl/imat/swieto_pi/2013/herb_swietokrzyskiego.png" alt="URZĄD WOJEWÓDZKI/MARSZAŁKOWSKI symbol" width="123" height="150" /></a></td>
<td><a href="http://www.kielce.uw.gov.pl/" target="blank" rel="noopener">ŚWIĘTOKRZYSKI URZĄD WOJEWÓDZKI W KIELCACH</a></p>
<p><a>URZĄD MARSZAŁKOWSKI WOJEWÓDZTWA ŚWIĘTOKRZYSKIEGO</a></p>
<p><a>URZĄD MIASTA KIELCE</a></td>
<td></td>
</tr>
</tbody>
</table>
<p>&nbsp;</p>

<p>15 marca 2013 roku w auli budynku G Wydziału Matematyczno-Przyrodniczego Uniwersytetu Jana Kochanowskiego w Kielcach, przy ul. Świętokrzyskiej 15, odbyły się obchody Święta liczby π zorganizowane przez Instytut Matematyki Uniwersytetu Jana Kochanowskiego oraz Studenckie Koło Naukowe „Rozmaitości”. program obchodów godz. 10:00 otwarcie obchodów i powitanie uczestników godz. 10:20 wykład popularnonaukowy dr Zdzisława Pogody (Instytut Matematyki Uniwersytetu Jagiellońskiego) pt. „Świat dziwnych [&hellip;]</p>
